{"id":18,"date":"2019-02-22T20:08:56","date_gmt":"2019-02-22T19:08:56","guid":{"rendered":"http:\/\/wp\/enfold-medium-business\/?page_id=18"},"modified":"2025-02-10T13:49:01","modified_gmt":"2025-02-10T12:49:01","slug":"a-propos","status":"publish","type":"page","link":"https:\/\/www.stypers-consulting.com\/?page_id=18","title":{"rendered":"A propos"},"content":{"rendered":"<div id='full_slider_1' class='avia-fullwidth-slider main_color avia-shadow   avia-builder-el-0  el_before_av_heading  avia-builder-el-first   container_wrap sidebar_right' style=' '  ><div  data-size='featured'  data-lightbox_size='large'  data-animation='slide'  data-conditional_play=''  data-ids='560'  data-video_counter='0'  data-autoplay='false'  data-bg_slider='false'  data-slide_height=''  data-handle='av_slideshow_full'  data-interval='5'  data-class=' '  data-css_id=''  data-scroll_down=''  data-control_layout='av-control-default'  data-custom_markup=''  data-perma_caption=''  data-autoplay_stopper=''  data-image_attachment=''  data-min_height='0px'  data-src=''  data-position='top left'  data-repeat='no-repeat'  data-attach='scroll'  data-stretch=''  data-default-height='28.666666666667'  class='avia-slideshow avia-slideshow-1  av-control-default av-default-height-applied avia-slideshow-featured av_slideshow_full   avia-slide-slider '  itemprop=\"image\" itemscope=\"itemscope\" itemtype=\"https:\/\/schema.org\/ImageObject\" ><ul class='avia-slideshow-inner ' style='padding-bottom: 29.861111111111%;' ><li  class=' av-single-slide slide-1 ' ><div data-rel='slideshow-1' class='avia-slide-wrap '   ><img src='https:\/\/www.stypers-consulting.com\/wp-content\/uploads\/2019\/06\/Site-SC-apropos-1440x430.jpg' width='1440' height='430' title='Site-SC-apropos' alt=''  itemprop=\"thumbnailUrl\"   \/><\/div><\/li><\/ul><\/div><\/div><div id='after_full_slider_1' class='main_color av_default_container_wrap container_wrap sidebar_right' style=' '  ><div class='container' ><div class='template-page content  av-content-small alpha units'><div class='post-entry post-entry-type-page post-entry-18'><div class='entry-content-wrapper clearfix'>\n<div style='padding-bottom:40px; color:#1d594f;font-size:45px;' class='av-special-heading av-special-heading-h1 custom-color-heading blockquote modern-quote modern-centered  avia-builder-el-1  el_after_av_slideshow_full  el_before_av_textblock  avia-builder-el-first   av-inherit-size '><h1 class='av-special-heading-tag '  itemprop=\"headline\"  >A PROPOS DE NOUS<\/h1><div class='special-heading-border'><div class='special-heading-inner-border' style='border-color:#1d594f'><\/div><\/div><\/div>\n<section class=\"av_textblock_section \"  itemscope=\"itemscope\" itemtype=\"https:\/\/schema.org\/CreativeWork\" ><div class='avia_textblock  av_inherit_color '  style='font-size:16px; color:#1d594f; '  itemprop=\"text\" ><h4>Depuis plus de 20 ans, STYPERS CONSULTING accompagne les entreprises qui souhaitent recruter en Supply Chain, Logistique et Transport. Par extension, nous intervenons sur tous les m\u00e9tiers de l\u2019entreprise (RH, Commerce, Finance\u2026).<\/h4>\n<p><strong>Un service de proximit\u00e9<\/strong><br \/>\nNous rencontrons sur site les intervenants utiles \u00e0 la compr\u00e9hension du secteur d\u2019activit\u00e9, pour nous impr\u00e9gner du contexte et de la culture de l\u2019entreprise pour laquelle nous allons s\u00e9lectionner le futur candidat. Il nous faut comprendre le style des Hommes en place et les valeurs de l\u2019entreprise. Cette proximit\u00e9 implique n\u00e9cessairement de notre part une tr\u00e8s grande disponibilit\u00e9.<\/p>\n<p><strong>R\u00e9activit\u00e9 et engagement personnel<\/strong><br \/>\nLa r\u00e8gle d\u2019or du monde du service : \u00ab On dit ce qu\u2019on fait, on fait ce qu\u2019on dit et on le prouve! \u00bb<\/p>\n<p>Notre position est celle d\u2019un v\u00e9ritable partenaire, pour les candidats et pour les entreprises.<\/p>\n<\/div><\/section>\n<div class=\"flex_column av_one_half  flex_column_div av-zero-column-padding first  avia-builder-el-3  el_after_av_textblock  el_before_av_one_half  column-top-margin\" style='border-radius:0px; '><\/div>\n<div class=\"flex_column av_one_half  flex_column_div av-zero-column-padding   avia-builder-el-4  el_after_av_one_half  el_before_av_button_big  avia-builder-el-last  column-top-margin\" style='border-radius:0px; '><\/div>\n<div class='avia-button-wrap avia-button-center  avia-builder-el-5  el_after_av_one_half  el_before_av_submenu  '><a href='mailto:mailto:contact@stypers-consulting.com' class='avia-button avia-button-fullwidth   avia-icon_select-no avia-color-theme-color '  style='color:#000000; ' ><span class='avia_iconbox_title' >CONTACTEZ-NOUS<\/span><div class='av-button-description av-button-description-below'><p>Pour toute suggestion ou demande, contactez notre \u00e9quipe :<br \/>\ncontact@stypers-consulting.com<br \/>\n01 53 34 18 28<\/p>\n<\/div><span class='avia_button_background avia-button avia-button-fullwidth avia-color-custom' style='background-color:#86c9c5; '><\/span><\/a><\/div>\n<div class='clear'><\/div><div id='sub_menu1' class='av-submenu-container header_color  avia-builder-el-6  el_after_av_button_big  avia-builder-el-last   av-sticky-submenu  submenu-not-first container_wrap sidebar_right' style='  z-index:301' ><div class='container av-menu-mobile-disabled '><ul id='av-custom-submenu-1' class='av-subnav-menu av-submenu-pos-center'>\n<li class='menu-item menu-item-top-level  menu-item-top-level-1'><a href='http:\/\/' ><span class='avia-bullet'><\/span><span class='avia-menu-text'>\u00a9 2019 STYPERS CONSULTING<\/span><\/a><\/li>\n<li class='menu-item menu-item-top-level  menu-item-top-level-2'><a href='mailto:mailto:contact@stypers-consulting.com'  target=\"_blank\" ><span class='avia-bullet'><\/span><span class='avia-menu-text'>Contactez-nous<\/span><\/a><\/li>\n<li class='menu-item menu-item-top-level  menu-item-top-level-3'><a href='https:\/\/www.stypers-consulting.com\/?page_id=2' ><span class='avia-bullet'><\/span><span class='avia-menu-text'>Mentions l\u00e9gales<\/span><\/a><\/li>\n<li class='menu-item menu-item-top-level  menu-item-top-level-4'><a href='http:\/\/goo.gl\/maps\/3k4zYiuuJNTQhRC3A'  target=\"_blank\" ><span class='avia-bullet'><\/span><span class='avia-menu-text'>6 rue du Faubourg Saint Honor\u00e9 75008 PARIS \u2022 T\u00e9l 01.53.34.18.28<\/span><\/a><\/li>\n<\/ul><\/div><\/div><div class='sticky_placeholder'><\/div>\n","protected":false},"excerpt":{"rendered":"","protected":false},"author":1,"featured_media":0,"parent":0,"menu_order":0,"comment_status":"closed","ping_status":"closed","template":"","meta":{"footnotes":""},"class_list":["post-18","page","type-page","status-publish","hentry"],"yoast_head":"<!-- This site is optimized with the Yoast SEO plugin v24.4 - https:\/\/yoast.com\/wordpress\/plugins\/seo\/ -->\n<title>A propos \u2758 Chasseurs de t\u00eates sp\u00e9cialis\u00e9s en Supply Chain<\/title>\n<meta name=\"description\" content=\"Sp\u00e9cialiste du recrutement des M\u00e9tiers de la Supply Chain, Logistique et Transport. Nous recrutons vos futurs Cadres et Dirigeants (CODIR).\" \/>\n<meta name=\"robots\" content=\"index, follow, max-snippet:-1, max-image-preview:large, max-video-preview:-1\" \/>\n<link rel=\"canonical\" href=\"https:\/\/www.stypers-consulting.com\/?page_id=18\" \/>\n<meta property=\"og:locale\" content=\"fr_FR\" \/>\n<meta property=\"og:type\" content=\"article\" \/>\n<meta property=\"og:title\" content=\"A propos \u2758 Chasseurs de t\u00eates sp\u00e9cialis\u00e9s en Supply Chain\" \/>\n<meta property=\"og:description\" content=\"Sp\u00e9cialiste du recrutement des M\u00e9tiers de la Supply Chain, Logistique et Transport. Nous recrutons vos futurs Cadres et Dirigeants (CODIR).\" \/>\n<meta property=\"og:url\" content=\"https:\/\/www.stypers-consulting.com\/?page_id=18\" \/>\n<meta property=\"og:site_name\" content=\"Stypers Consulting\" \/>\n<meta property=\"article:modified_time\" content=\"2025-02-10T12:49:01+00:00\" \/>\n<meta name=\"twitter:card\" content=\"summary_large_image\" \/>\n<meta name=\"twitter:label1\" content=\"Dur\u00e9e de lecture estim\u00e9e\" \/>\n\t<meta name=\"twitter:data1\" content=\"2 minutes\" \/>\n<script type=\"application\/ld+json\" class=\"yoast-schema-graph\">{\"@context\":\"https:\/\/schema.org\",\"@graph\":[{\"@type\":\"WebPage\",\"@id\":\"https:\/\/www.stypers-consulting.com\/?page_id=18\",\"url\":\"https:\/\/www.stypers-consulting.com\/?page_id=18\",\"name\":\"A propos \u2758 Chasseurs de t\u00eates sp\u00e9cialis\u00e9s en Supply Chain\",\"isPartOf\":{\"@id\":\"https:\/\/www.stypers-consulting.com\/#website\"},\"datePublished\":\"2019-02-22T19:08:56+00:00\",\"dateModified\":\"2025-02-10T12:49:01+00:00\",\"description\":\"Sp\u00e9cialiste du recrutement des M\u00e9tiers de la Supply Chain, Logistique et Transport. Nous recrutons vos futurs Cadres et Dirigeants (CODIR).\",\"breadcrumb\":{\"@id\":\"https:\/\/www.stypers-consulting.com\/?page_id=18#breadcrumb\"},\"inLanguage\":\"fr-FR\",\"potentialAction\":[{\"@type\":\"ReadAction\",\"target\":[\"https:\/\/www.stypers-consulting.com\/?page_id=18\"]}]},{\"@type\":\"BreadcrumbList\",\"@id\":\"https:\/\/www.stypers-consulting.com\/?page_id=18#breadcrumb\",\"itemListElement\":[{\"@type\":\"ListItem\",\"position\":1,\"name\":\"Accueil\",\"item\":\"https:\/\/www.stypers-consulting.com\/?page_id=438\"},{\"@type\":\"ListItem\",\"position\":2,\"name\":\"A propos\"}]},{\"@type\":\"WebSite\",\"@id\":\"https:\/\/www.stypers-consulting.com\/#website\",\"url\":\"https:\/\/www.stypers-consulting.com\/\",\"name\":\"Stypers Consulting\",\"description\":\"Chasseurs de t\u00eate Supply Chain, Logistique et Transport\",\"potentialAction\":[{\"@type\":\"SearchAction\",\"target\":{\"@type\":\"EntryPoint\",\"urlTemplate\":\"https:\/\/www.stypers-consulting.com\/?s={search_term_string}\"},\"query-input\":{\"@type\":\"PropertyValueSpecification\",\"valueRequired\":true,\"valueName\":\"search_term_string\"}}],\"inLanguage\":\"fr-FR\"}]}<\/script>\n<!-- \/ Yoast SEO plugin. -->","yoast_head_json":{"title":"A propos \u2758 Chasseurs de t\u00eates sp\u00e9cialis\u00e9s en Supply Chain","description":"Sp\u00e9cialiste du recrutement des M\u00e9tiers de la Supply Chain, Logistique et Transport. Nous recrutons vos futurs Cadres et Dirigeants (CODIR).","robots":{"index":"index","follow":"follow","max-snippet":"max-snippet:-1","max-image-preview":"max-image-preview:large","max-video-preview":"max-video-preview:-1"},"canonical":"https:\/\/www.stypers-consulting.com\/?page_id=18","og_locale":"fr_FR","og_type":"article","og_title":"A propos \u2758 Chasseurs de t\u00eates sp\u00e9cialis\u00e9s en Supply Chain","og_description":"Sp\u00e9cialiste du recrutement des M\u00e9tiers de la Supply Chain, Logistique et Transport. Nous recrutons vos futurs Cadres et Dirigeants (CODIR).","og_url":"https:\/\/www.stypers-consulting.com\/?page_id=18","og_site_name":"Stypers Consulting","article_modified_time":"2025-02-10T12:49:01+00:00","twitter_card":"summary_large_image","twitter_misc":{"Dur\u00e9e de lecture estim\u00e9e":"2 minutes"},"schema":{"@context":"https:\/\/schema.org","@graph":[{"@type":"WebPage","@id":"https:\/\/www.stypers-consulting.com\/?page_id=18","url":"https:\/\/www.stypers-consulting.com\/?page_id=18","name":"A propos \u2758 Chasseurs de t\u00eates sp\u00e9cialis\u00e9s en Supply Chain","isPartOf":{"@id":"https:\/\/www.stypers-consulting.com\/#website"},"datePublished":"2019-02-22T19:08:56+00:00","dateModified":"2025-02-10T12:49:01+00:00","description":"Sp\u00e9cialiste du recrutement des M\u00e9tiers de la Supply Chain, Logistique et Transport. Nous recrutons vos futurs Cadres et Dirigeants (CODIR).","breadcrumb":{"@id":"https:\/\/www.stypers-consulting.com\/?page_id=18#breadcrumb"},"inLanguage":"fr-FR","potentialAction":[{"@type":"ReadAction","target":["https:\/\/www.stypers-consulting.com\/?page_id=18"]}]},{"@type":"BreadcrumbList","@id":"https:\/\/www.stypers-consulting.com\/?page_id=18#breadcrumb","itemListElement":[{"@type":"ListItem","position":1,"name":"Accueil","item":"https:\/\/www.stypers-consulting.com\/?page_id=438"},{"@type":"ListItem","position":2,"name":"A propos"}]},{"@type":"WebSite","@id":"https:\/\/www.stypers-consulting.com\/#website","url":"https:\/\/www.stypers-consulting.com\/","name":"Stypers Consulting","description":"Chasseurs de t\u00eate Supply Chain, Logistique et Transport","potentialAction":[{"@type":"SearchAction","target":{"@type":"EntryPoint","urlTemplate":"https:\/\/www.stypers-consulting.com\/?s={search_term_string}"},"query-input":{"@type":"PropertyValueSpecification","valueRequired":true,"valueName":"search_term_string"}}],"inLanguage":"fr-FR"}]}},"_links":{"self":[{"href":"https:\/\/www.stypers-consulting.com\/index.php?rest_route=\/wp\/v2\/pages\/18","targetHints":{"allow":["GET"]}}],"collection":[{"href":"https:\/\/www.stypers-consulting.com\/index.php?rest_route=\/wp\/v2\/pages"}],"about":[{"href":"https:\/\/www.stypers-consulting.com\/index.php?rest_route=\/wp\/v2\/types\/page"}],"author":[{"embeddable":true,"href":"https:\/\/www.stypers-consulting.com\/index.php?rest_route=\/wp\/v2\/users\/1"}],"replies":[{"embeddable":true,"href":"https:\/\/www.stypers-consulting.com\/index.php?rest_route=%2Fwp%2Fv2%2Fcomments&post=18"}],"version-history":[{"count":28,"href":"https:\/\/www.stypers-consulting.com\/index.php?rest_route=\/wp\/v2\/pages\/18\/revisions"}],"predecessor-version":[{"id":1807,"href":"https:\/\/www.stypers-consulting.com\/index.php?rest_route=\/wp\/v2\/pages\/18\/revisions\/1807"}],"wp:attachment":[{"href":"https:\/\/www.stypers-consulting.com\/index.php?rest_route=%2Fwp%2Fv2%2Fmedia&parent=18"}],"curies":[{"name":"wp","href":"https:\/\/api.w.org\/{rel}","templated":true}]}}